{"id":15191,"date":"2026-03-27T09:28:00","date_gmt":"2026-03-27T08:28:00","guid":{"rendered":"https:\/\/grill-master.shop\/gree\/produkt\/kije-na-ognisko-grilla-150-cm-wieszak-10-szt\/"},"modified":"2026-03-27T09:28:00","modified_gmt":"2026-03-27T08:28:00","slug":"kije-na-ognisko-grilla-150-cm-wieszak-10-szt","status":"publish","type":"product","link":"https:\/\/ogrodowyswiat24.shop\/grill\/produkt\/kije-na-ognisko-grilla-150-cm-wieszak-10-szt\/","title":{"rendered":"KIJE NA OGNISKO GRILLA 150 cm. + WIESZAK 10 szt."},"content":{"rendered":"<div style=\"font-family: Arial, sans-serif; line-height: 1.6; color: #333; padding: 20px; clear: both; display: block; width: 100%; float: none; position: static; overflow: hidden;\">\n<div style=\"clear: both; display: block; margin: 10px 0;\">\n<div style=\"clear: both; display: block; margin: 10px 0;\">\n<div style=\"clear: both; display: block; margin: 10px 0;\">\n<div  style=\"max-width:2560px;max-height:2560px\">\n<div style=\"clear: both; display: block; margin: 10px 0;\">\n<div style=\"clear: both; width: 100%; display: block; margin: 20px 0; padding: 0; float: none; position: static; text-align: center;\"><img decoding=\"async\"  src=\"https:\/\/a.allegroimg.com\/original\/034279\/c150acfa417695621dba73686efb\/KIJE-NA-OGNISKO-GRILLA-150-cm-WIESZAK-10-szt\" srcset=\"https:\/\/a.allegroimg.com\/original\/034279\/c150acfa417695621dba73686efb\/KIJE-NA-OGNISKO-GRILLA-150-cm-WIESZAK-10-szt 360w,https:\/\/a.allegroimg.com\/original\/034279\/c150acfa417695621dba73686efb\/KIJE-NA-OGNISKO-GRILLA-150-cm-WIESZAK-10-szt 720w,https:\/\/a.allegroimg.com\/original\/034279\/c150acfa417695621dba73686efb\/KIJE-NA-OGNISKO-GRILLA-150-cm-WIESZAK-10-szt 1024w,https:\/\/a.allegroimg.com\/original\/034279\/c150acfa417695621dba73686efb\/KIJE-NA-OGNISKO-GRILLA-150-cm-WIESZAK-10-szt 1440w,https:\/\/a.allegroimg.com\/original\/034279\/c150acfa417695621dba73686efb\/KIJE-NA-OGNISKO-GRILLA-150-cm-WIESZAK-10-szt 2560w\" sizes=\"(min-width: 1200px) 560px, (min-width: 992px) 50vw, 100vw\" width=\"2560px\" alt=\"KIJE NA OGNISKO GRILLA 150 cm. + WIESZAK 10 szt.\" style=\"max-width: 100%; height: auto; display: block; margin: 0 auto;\"><\/div>\n<\/div>\n<\/div>\n<\/div>\n<\/div>\n<div style=\"clear: both; display: block; margin: 10px 0;\">\n<div style=\"clear: both; display: block; margin: 10px 0;\">\n<p style=\"margin: 15px 0; line-height: 1.8; clear: both; display: block; width: 100%; float: none; position: static;\">KIJE KIJKI WIDELCE NA OGNISKO GRILLA<\/p>\n<p style=\"margin: 15px 0; line-height: 1.8; clear: both; display: block; width: 100%; float: none; position: static;\">ZESTAW&nbsp; 10 szt. O D\u0141UGO\u015aCI 150 cm. + WIESZAK ze stali malowany proszkowo<\/p>\n<\/div>\n<\/div>\n<\/div>\n<div style=\"clear: both; display: block; margin: 10px 0;\">\n<div style=\"clear: both; display: block; margin: 10px 0;\">\n<div style=\"clear: both; display: block; margin: 10px 0;\">\n<p style=\"margin: 15px 0; line-height: 1.8; clear: both; display: block; width: 100%; float: none; position: static;\">Kijki wykonane z drutu ryflowanego odpornego na zginanie, wide\u0142ki&nbsp; z drutu nierdzewnego 3 mm. Posiadaj\u0105 drewnian\u0105 r\u0105czk\u0119 kt\u00f3ra zabezpiecza przed poparzeniem. Solidnie spawany obustronnie.<\/p>\n<\/div>\n<\/div>\n<div style=\"clear: both; display: block; margin: 10px 0;\">\n<div style=\"clear: both; display: block; margin: 10px 0;\">\n<div  style=\"max-width:2548px;max-height:2548px\">\n<div style=\"clear: both; display: block; margin: 10px 0;\">\n<div style=\"clear: both; width: 100%; display: block; margin: 20px 0; padding: 0; float: none; position: static; text-align: center;\"><img decoding=\"async\"  src=\"https:\/\/a.allegroimg.com\/original\/037f8b\/0836f542454c8ab1241ba9ab7858\/KIJE-NA-OGNISKO-GRILLA-150-cm-WIESZAK-10-szt-Producent-nieznany-producent\" srcset=\"https:\/\/a.allegroimg.com\/original\/037f8b\/0836f542454c8ab1241ba9ab7858\/KIJE-NA-OGNISKO-GRILLA-150-cm-WIESZAK-10-szt-Producent-nieznany-producent 360w,https:\/\/a.allegroimg.com\/original\/037f8b\/0836f542454c8ab1241ba9ab7858\/KIJE-NA-OGNISKO-GRILLA-150-cm-WIESZAK-10-szt-Producent-nieznany-producent 720w,https:\/\/a.allegroimg.com\/original\/037f8b\/0836f542454c8ab1241ba9ab7858\/KIJE-NA-OGNISKO-GRILLA-150-cm-WIESZAK-10-szt-Producent-nieznany-producent 1024w,https:\/\/a.allegroimg.com\/original\/037f8b\/0836f542454c8ab1241ba9ab7858\/KIJE-NA-OGNISKO-GRILLA-150-cm-WIESZAK-10-szt-Producent-nieznany-producent 1440w,https:\/\/a.allegroimg.com\/original\/037f8b\/0836f542454c8ab1241ba9ab7858\/KIJE-NA-OGNISKO-GRILLA-150-cm-WIESZAK-10-szt-Producent-nieznany-producent 2548w\" sizes=\"(min-width: 1200px) 560px, (min-width: 992px) 50vw, 100vw\" width=\"2548px\" alt=\"KIJE NA OGNISKO GRILLA 150 cm. + WIESZAK 10 szt. Producent nieznany producent\" style=\"max-width: 100%; height: auto; display: block; margin: 0 auto;\"><\/div>\n<\/div>\n<\/div>\n<\/div>\n<\/div>\n<\/div>\n<div style=\"clear: both; display: block; margin: 10px 0;\">\n<div style=\"clear: both; display: block; margin: 10px 0;\">\n<div style=\"clear: both; display: block; margin: 10px 0;\">\n<div  style=\"max-width:2147px;max-height:2147px\">\n<div style=\"clear: both; display: block; margin: 10px 0;\">\n<div style=\"clear: both; width: 100%; display: block; margin: 20px 0; padding: 0; float: none; position: static; text-align: center;\"><img decoding=\"async\"  src=\"https:\/\/a.allegroimg.com\/original\/0319f8\/f2319f9640dd87788f9ba3f4508b\/KIJE-NA-OGNISKO-GRILLA-150-cm-WIESZAK-10-szt-Kod-producenta-150-W\" srcset=\"https:\/\/a.allegroimg.com\/original\/0319f8\/f2319f9640dd87788f9ba3f4508b\/KIJE-NA-OGNISKO-GRILLA-150-cm-WIESZAK-10-szt-Kod-producenta-150-W 360w,https:\/\/a.allegroimg.com\/original\/0319f8\/f2319f9640dd87788f9ba3f4508b\/KIJE-NA-OGNISKO-GRILLA-150-cm-WIESZAK-10-szt-Kod-producenta-150-W 720w,https:\/\/a.allegroimg.com\/original\/0319f8\/f2319f9640dd87788f9ba3f4508b\/KIJE-NA-OGNISKO-GRILLA-150-cm-WIESZAK-10-szt-Kod-producenta-150-W 1024w,https:\/\/a.allegroimg.com\/original\/0319f8\/f2319f9640dd87788f9ba3f4508b\/KIJE-NA-OGNISKO-GRILLA-150-cm-WIESZAK-10-szt-Kod-producenta-150-W 1440w,https:\/\/a.allegroimg.com\/original\/0319f8\/f2319f9640dd87788f9ba3f4508b\/KIJE-NA-OGNISKO-GRILLA-150-cm-WIESZAK-10-szt-Kod-producenta-150-W 2147w\" sizes=\"(min-width: 1200px) 560px, (min-width: 992px) 50vw, 100vw\" width=\"2147px\" alt=\"KIJE NA OGNISKO GRILLA 150 cm. + WIESZAK 10 szt. Kod producenta 150+W\" style=\"max-width: 100%; height: auto; display: block; margin: 0 auto;\"><\/div>\n<\/div>\n<\/div>\n<\/div>\n<\/div>\n<div style=\"clear: both; display: block; margin: 10px 0;\">\n<div style=\"clear: both; display: block; margin: 10px 0;\">\n<p style=\"margin: 15px 0; line-height: 1.8; clear: both; display: block; width: 100%; float: none; position: static;\">Wieszak wykonany ze stali 1 mm. MALOWANY PROSZKOWO<\/p>\n<\/div>\n<\/div>\n<\/div>\n<\/div>\n<\/div>\n<\/div>\n<div style=\"clear: both; display: block; margin: 10px 0;\">\n","protected":false},"excerpt":{"rendered":"<p>KIJE KIJKI WIDELCE NA OGNISKO GRILLA<\/p>\n<p>ZESTAW&nbsp; 10 szt. O D\u0141UGO\u015aCI 150 cm. + WIESZAK ze stali malowany proszkowo<\/p>\n<p>Kijki wykonane z drutu ryflowanego odpornego na zginanie, wide\u0142ki&nbsp; z drutu nierdzewnego 3 mm. Posiadaj\u0105 drewnian\u0105 r\u0105czk\u0119 kt\u00f3ra zabezpiecza przed poparzeniem. Solidnie spawany obustronnie.<\/p>\n<p>Wieszak wykonany ze stali 1 mm. MALOWANY PROSZKOWO<\/p>\n","protected":false},"featured_media":15192,"template":"","meta":{"_uag_custom_page_level_css":""},"product_brand":[],"product_cat":[805,795,541,806],"product_tag":[],"class_list":{"0":"post-15191","1":"product","2":"type-product","3":"status-publish","4":"has-post-thumbnail","6":"product_cat-czesci-i-przybory","7":"product_cat-grillowanie","8":"product_cat-ogrod","9":"product_cat-widelce-ogniskowe-i-szaszlyki","11":"first","12":"instock","13":"sale","14":"shipping-taxable","15":"purchasable","16":"product-type-simple"},"uagb_featured_image_src":{"full":["https:\/\/ogrodowyswiat24.shop\/grill\/wp-content\/uploads\/2026\/03\/allegro-image-15191.jpg",2560,2560,false],"thumbnail":["https:\/\/ogrodowyswiat24.shop\/grill\/wp-content\/uploads\/2026\/03\/allegro-image-15191-150x150.jpg",150,150,true],"medium":["https:\/\/ogrodowyswiat24.shop\/grill\/wp-content\/uploads\/2026\/03\/allegro-image-15191-300x300.jpg",300,300,true],"medium_large":["https:\/\/ogrodowyswiat24.shop\/grill\/wp-content\/uploads\/2026\/03\/allegro-image-15191-768x768.jpg",768,768,true],"large":["https:\/\/ogrodowyswiat24.shop\/grill\/wp-content\/uploads\/2026\/03\/allegro-image-15191-1024x1024.jpg",1024,1024,true],"1536x1536":["https:\/\/ogrodowyswiat24.shop\/grill\/wp-content\/uploads\/2026\/03\/allegro-image-15191-1536x1536.jpg",1536,1536,true],"2048x2048":["https:\/\/ogrodowyswiat24.shop\/grill\/wp-content\/uploads\/2026\/03\/allegro-image-15191-2048x2048.jpg",2048,2048,true],"woocommerce_thumbnail":["https:\/\/ogrodowyswiat24.shop\/grill\/wp-content\/uploads\/2026\/03\/allegro-image-15191-300x300.jpg",300,300,true],"woocommerce_single":["https:\/\/ogrodowyswiat24.shop\/grill\/wp-content\/uploads\/2026\/03\/allegro-image-15191-600x600.jpg",600,600,true],"woocommerce_gallery_thumbnail":["https:\/\/ogrodowyswiat24.shop\/grill\/wp-content\/uploads\/2026\/03\/allegro-image-15191-100x100.jpg",100,100,true]},"uagb_author_info":{"display_name":"admin","author_link":"https:\/\/ogrodowyswiat24.shop\/grill\/author\/"},"uagb_comment_info":0,"uagb_excerpt":"KIJE KIJKI WIDELCE NA OGNISKO GRILLA ZESTAW&nbsp; 10 szt. O D\u0141UGO\u015aCI 150 cm. + WIESZAK ze stali malowany proszkowo Kijki wykonane z drutu ryflowanego odpornego na zginanie, wide\u0142ki&nbsp; z drutu nierdzewnego 3 mm. Posiadaj\u0105 drewnian\u0105 r\u0105czk\u0119 kt\u00f3ra zabezpiecza przed poparzeniem. Solidnie spawany obustronnie. Wieszak wykonany ze stali 1 mm. MALOWANY PROSZKOWO","_links":{"self":[{"href":"https:\/\/ogrodowyswiat24.shop\/grill\/wp-json\/wp\/v2\/product\/15191","targetHints":{"allow":["GET"]}}],"collection":[{"href":"https:\/\/ogrodowyswiat24.shop\/grill\/wp-json\/wp\/v2\/product"}],"about":[{"href":"https:\/\/ogrodowyswiat24.shop\/grill\/wp-json\/wp\/v2\/types\/product"}],"wp:featuredmedia":[{"embeddable":true,"href":"https:\/\/ogrodowyswiat24.shop\/grill\/wp-json\/wp\/v2\/media\/15192"}],"wp:attachment":[{"href":"https:\/\/ogrodowyswiat24.shop\/grill\/wp-json\/wp\/v2\/media?parent=15191"}],"wp:term":[{"taxonomy":"product_brand","embeddable":true,"href":"https:\/\/ogrodowyswiat24.shop\/grill\/wp-json\/wp\/v2\/product_brand?post=15191"},{"taxonomy":"product_cat","embeddable":true,"href":"https:\/\/ogrodowyswiat24.shop\/grill\/wp-json\/wp\/v2\/product_cat?post=15191"},{"taxonomy":"product_tag","embeddable":true,"href":"https:\/\/ogrodowyswiat24.shop\/grill\/wp-json\/wp\/v2\/product_tag?post=15191"}],"curies":[{"name":"wp","href":"https:\/\/api.w.org\/{rel}","templated":true}]}}