{"id":15207,"date":"2026-03-27T09:28:10","date_gmt":"2026-03-27T08:28:10","guid":{"rendered":"https:\/\/grill-master.shop\/gree\/produkt\/grill-na-trojnogu-ogrodowy-ruszt-wiszacy-nierdzewny-60cm-nad-ognisko\/"},"modified":"2026-03-27T09:28:10","modified_gmt":"2026-03-27T08:28:10","slug":"grill-na-trojnogu-ogrodowy-ruszt-wiszacy-nierdzewny-60cm-nad-ognisko","status":"publish","type":"product","link":"https:\/\/ogrodowyswiat24.shop\/grill\/produkt\/grill-na-trojnogu-ogrodowy-ruszt-wiszacy-nierdzewny-60cm-nad-ognisko\/","title":{"rendered":"GRILL NA TR\u00d3JNOGU OGRODOWY RUSZT WISZ\u0104CY NIERDZEWNY 60CM NAD OGNISKO"},"content":{"rendered":"<div style=\"font-family: Arial, sans-serif; line-height: 1.6; color: #333; padding: 20px; clear: both; display: block; width: 100%; float: none; position: static; overflow: hidden;\">\n<div style=\"clear: both; display: block; margin: 10px 0;\">\n<div style=\"clear: both; display: block; margin: 10px 0;\">\n<div style=\"clear: both; display: block; margin: 10px 0;\">\n<h1>GRILL OGRODOWY 60CM NIERDZEWNY NA TR\u00d3JNOGU 180CM<\/h1>\n<h1>MADE IN POLAND<\/h1>\n<h1>PRODUKT NAJWY\u017bSZEJ JAKO\u015aCI &#8211; WYPRODUKOWANY W POLSCE<\/h1>\n<\/div>\n<\/div>\n<\/div>\n<div style=\"clear: both; display: block; margin: 10px 0;\">\n<div style=\"clear: both; display: block; margin: 10px 0;\">\n<div style=\"clear: both; display: block; margin: 10px 0;\">\n<div  style=\"max-width:820px;max-height:900px\">\n<div style=\"clear: both; display: block; margin: 10px 0;\">\n<div style=\"clear: both; width: 100%; display: block; margin: 20px 0; padding: 0; float: none; position: static; text-align: center;\"><img decoding=\"async\"  src=\"https:\/\/a.allegroimg.com\/original\/11257c\/0bead7534706b407f77fd9345db1\/GRILL-NA-TROJNOGU-OGRODOWY-RUSZT-WISZACY-NIERDZEWNY-60CM-NAD-OGNISKO-Kod-producenta-111002\" srcset=\"https:\/\/a.allegroimg.com\/original\/11257c\/0bead7534706b407f77fd9345db1\/GRILL-NA-TROJNOGU-OGRODOWY-RUSZT-WISZACY-NIERDZEWNY-60CM-NAD-OGNISKO-Kod-producenta-111002 328w,https:\/\/a.allegroimg.com\/original\/11257c\/0bead7534706b407f77fd9345db1\/GRILL-NA-TROJNOGU-OGRODOWY-RUSZT-WISZACY-NIERDZEWNY-60CM-NAD-OGNISKO-Kod-producenta-111002 656w,https:\/\/a.allegroimg.com\/original\/11257c\/0bead7534706b407f77fd9345db1\/GRILL-NA-TROJNOGU-OGRODOWY-RUSZT-WISZACY-NIERDZEWNY-60CM-NAD-OGNISKO-Kod-producenta-111002 820w,https:\/\/a.allegroimg.com\/original\/11257c\/0bead7534706b407f77fd9345db1\/GRILL-NA-TROJNOGU-OGRODOWY-RUSZT-WISZACY-NIERDZEWNY-60CM-NAD-OGNISKO-Kod-producenta-111002 820w\" sizes=\"100vw\" width=\"820px\" alt=\"GRILL NA TR\u00d3JNOGU OGRODOWY RUSZT WISZ\u0104CY NIERDZEWNY 60CM NAD OGNISKO Kod producenta 111002\" style=\"max-width: 100%; height: auto; display: block; margin: 0 auto;\"><\/div>\n<\/div>\n<\/div>\n<\/div>\n<\/div>\n<\/div>\n<div style=\"clear: both; display: block; margin: 10px 0;\">\n<div style=\"clear: both; display: block; margin: 10px 0;\">\n<div style=\"clear: both; display: block; margin: 10px 0;\">\n<h1>PRODUKT WYSOKIEJ JAKO\u015aCI &#8211;<\/h1>\n<h1>PRODUKCJA POLSKA<\/h1>\n<p style=\"margin: 15px 0; line-height: 1.8; clear: both; display: block; width: 100%; float: none; position: static;\">Grill ogrodowy na tr\u00f3jnogu <b>o wysoko\u015bci 180 cm<\/b> jest idealnym rozwi\u0105zaniem do biesiadowania na \u015bwie\u017cym powietrzu wraz z rodzin\u0105 b\u0105d\u017a te\u017c grup\u0105 znajomych. Korzystaj\u0105c z tego grilla mo\u017cna jako \u017ar\u00f3d\u0142o ciep\u0142a wykorzysta\u0107 zar\u00f3wno zwyk\u0142e ognisko, jak i tradycyjny brykiet drzewny.<\/p>\n<p style=\"margin: 15px 0; line-height: 1.8; clear: both; display: block; width: 100%; float: none; position: static;\"><b>Tr\u00f3jn\u00f3g<\/b> malowany jest <b>metod\u0105 proszkow\u0105<\/b>, co zwi\u0119ksza jego wytrzyma\u0142o\u015b\u0107 na warunki atmosferyczne. Masywny <b>ruszt wykonany ze stali nierdzewnej<\/b> z grubych materia\u0142\u00f3w pomie\u015bci du\u017c\u0105 ilo\u015b\u0107 jedzenia.<\/p>\n<p style=\"margin: 15px 0; line-height: 1.8; clear: both; display: block; width: 100%; float: none; position: static;\">Stabilny tr\u00f3jn\u00f3g pozwala na rozstawienie grilla ogrodowego na ka\u017cdej powierzchni, nawet nier\u00f3wnej. Dodatkowym atutem jest mo\u017cliwo\u015b\u0107 szybkiego monta\u017cu i demonta\u017cu tr\u00f3jnogu, a tak\u017ce mo\u017cliwo\u015b\u0107 \u0142atwego transportu i przechowywania, poniewa\u017c <b>nogi tr\u00f3jnogu s\u0105 sk\u0142adane w po\u0142owie<\/b>. Efektywne zdobienia elementami kutymi czyni\u0105 grill uczt\u0105 dla oka. Prosta regulacja rusztu pozwala na \u0142atw\u0105 zmian\u0119 jego wysoko\u015bci.<\/p>\n<\/div>\n<\/div>\n<\/div>\n<div style=\"clear: both; display: block; margin: 10px 0;\">\n<div style=\"clear: both; display: block; margin: 10px 0;\">\n<div style=\"clear: both; display: block; margin: 10px 0;\">\n<div  style=\"max-width:1024px;max-height:888px\">\n<div style=\"clear: both; display: block; margin: 10px 0;\">\n<div style=\"clear: both; width: 100%; display: block; margin: 20px 0; padding: 0; float: none; position: static; text-align: center;\"><img decoding=\"async\"  src=\"https:\/\/a.allegroimg.com\/original\/11b6d0\/8ce55a69450d8126d7df5a32a37c\/GRILL-NA-TROJNOGU-OGRODOWY-RUSZT-WISZACY-NIERDZEWNY-60CM-NAD-OGNISKO-Szerokosc-grilla-60-cm\" srcset=\"https:\/\/a.allegroimg.com\/original\/11b6d0\/8ce55a69450d8126d7df5a32a37c\/GRILL-NA-TROJNOGU-OGRODOWY-RUSZT-WISZACY-NIERDZEWNY-60CM-NAD-OGNISKO-Szerokosc-grilla-60-cm 360w,https:\/\/a.allegroimg.com\/original\/11b6d0\/8ce55a69450d8126d7df5a32a37c\/GRILL-NA-TROJNOGU-OGRODOWY-RUSZT-WISZACY-NIERDZEWNY-60CM-NAD-OGNISKO-Szerokosc-grilla-60-cm 720w,https:\/\/a.allegroimg.com\/original\/11b6d0\/8ce55a69450d8126d7df5a32a37c\/GRILL-NA-TROJNOGU-OGRODOWY-RUSZT-WISZACY-NIERDZEWNY-60CM-NAD-OGNISKO-Szerokosc-grilla-60-cm 1024w,https:\/\/a.allegroimg.com\/original\/11b6d0\/8ce55a69450d8126d7df5a32a37c\/GRILL-NA-TROJNOGU-OGRODOWY-RUSZT-WISZACY-NIERDZEWNY-60CM-NAD-OGNISKO-Szerokosc-grilla-60-cm 1024w\" sizes=\"100vw\" width=\"1024px\" alt=\"GRILL NA TR\u00d3JNOGU OGRODOWY RUSZT WISZ\u0104CY NIERDZEWNY 60CM NAD OGNISKO Szeroko\u015b\u0107 grilla 60 cm\" style=\"max-width: 100%; height: auto; display: block; margin: 0 auto;\"><\/div>\n<\/div>\n<\/div>\n<\/div>\n<\/div>\n<\/div>\n<div style=\"clear: both; display: block; margin: 10px 0;\">\n<div style=\"clear: both; display: block; margin: 10px 0;\">\n<div style=\"clear: both; display: block; margin: 10px 0;\">\n<h1>SPECYFIKACJA<\/h1>\n<ul style=\"margin: 15px 0; padding-left: 20px; clear: both; display: block; width: 100%; float: none; position: static;\">\n<li style=\"margin: 5px 0; padding: 2px 0; clear: both; display: list-item; float: none; position: static;\">Wysoko\u015b\u0107 tr\u00f3jnogu:&nbsp;<b>ok. 180cm<\/b><\/li>\n<li style=\"margin: 5px 0; padding: 2px 0; clear: both; display: list-item; float: none; position: static;\">\u015arednica rusztu: <b>60cm<\/b><\/li>\n<li style=\"margin: 5px 0; padding: 2px 0; clear: both; display: list-item; float: none; position: static;\">Materia\u0142 z jakiego wykonano ruszt:&nbsp;<b>stal nierdzewna<\/b><\/li>\n<li style=\"margin: 5px 0; padding: 2px 0; clear: both; display: list-item; float: none; position: static;\">Tr\u00f3jn\u00f3g malowany proszkowo:&nbsp;<b>TAK<\/b><\/li>\n<li style=\"margin: 5px 0; padding: 2px 0; clear: both; display: list-item; float: none; position: static;\">Tr\u00f3jn\u00f3g sk\u0142adany w po\u0142owie:&nbsp;<b>TAK<\/b><\/li>\n<\/ul>\n<\/div>\n<\/div>\n<\/div>\n<div style=\"clear: both; display: block; margin: 10px 0;\">\n<div style=\"clear: both; display: block; margin: 10px 0;\">\n<div style=\"clear: both; display: block; margin: 10px 0;\">\n<div  style=\"max-width:1024px;max-height:929px\">\n<div style=\"clear: both; display: block; margin: 10px 0;\">\n<div style=\"clear: both; width: 100%; display: block; margin: 20px 0; padding: 0; float: none; position: static; text-align: center;\"><img decoding=\"async\"  src=\"https:\/\/a.allegroimg.com\/original\/11c0b6\/85cbc76a492cad2497fe9ce1b10d\/GRILL-NA-TROJNOGU-OGRODOWY-RUSZT-WISZACY-NIERDZEWNY-60CM-NAD-OGNISKO-Wysokosc-grilla-180-cm\" srcset=\"https:\/\/a.allegroimg.com\/original\/11c0b6\/85cbc76a492cad2497fe9ce1b10d\/GRILL-NA-TROJNOGU-OGRODOWY-RUSZT-WISZACY-NIERDZEWNY-60CM-NAD-OGNISKO-Wysokosc-grilla-180-cm 360w,https:\/\/a.allegroimg.com\/original\/11c0b6\/85cbc76a492cad2497fe9ce1b10d\/GRILL-NA-TROJNOGU-OGRODOWY-RUSZT-WISZACY-NIERDZEWNY-60CM-NAD-OGNISKO-Wysokosc-grilla-180-cm 720w,https:\/\/a.allegroimg.com\/original\/11c0b6\/85cbc76a492cad2497fe9ce1b10d\/GRILL-NA-TROJNOGU-OGRODOWY-RUSZT-WISZACY-NIERDZEWNY-60CM-NAD-OGNISKO-Wysokosc-grilla-180-cm 1024w,https:\/\/a.allegroimg.com\/original\/11c0b6\/85cbc76a492cad2497fe9ce1b10d\/GRILL-NA-TROJNOGU-OGRODOWY-RUSZT-WISZACY-NIERDZEWNY-60CM-NAD-OGNISKO-Wysokosc-grilla-180-cm 1024w\" sizes=\"100vw\" width=\"1024px\" alt=\"GRILL NA TR\u00d3JNOGU OGRODOWY RUSZT WISZ\u0104CY NIERDZEWNY 60CM NAD OGNISKO Wysoko\u015b\u0107 grilla 180 cm\" style=\"max-width: 100%; height: auto; display: block; margin: 0 auto;\"><\/div>\n<\/div>\n<\/div>\n<\/div>\n<\/div>\n<\/div>\n<div style=\"clear: both; display: block; margin: 10px 0;\">\n<div style=\"clear: both; display: block; margin: 10px 0;\">\n<div style=\"clear: both; display: block; margin: 10px 0;\">\n<div  style=\"max-width:600px;max-height:900px\">\n<div style=\"clear: both; display: block; margin: 10px 0;\">\n<div style=\"clear: both; width: 100%; display: block; margin: 20px 0; padding: 0; float: none; position: static; text-align: center;\"><img decoding=\"async\"  src=\"https:\/\/a.allegroimg.com\/original\/11320c\/a091f5b34a2083164148e18c379b\/GRILL-NA-TROJNOGU-OGRODOWY-RUSZT-WISZACY-NIERDZEWNY-60CM-NAD-OGNISKO-Glebokosc-grilla-60-cm\" srcset=\"https:\/\/a.allegroimg.com\/original\/11320c\/a091f5b34a2083164148e18c379b\/GRILL-NA-TROJNOGU-OGRODOWY-RUSZT-WISZACY-NIERDZEWNY-60CM-NAD-OGNISKO-Glebokosc-grilla-60-cm 240w,https:\/\/a.allegroimg.com\/original\/11320c\/a091f5b34a2083164148e18c379b\/GRILL-NA-TROJNOGU-OGRODOWY-RUSZT-WISZACY-NIERDZEWNY-60CM-NAD-OGNISKO-Glebokosc-grilla-60-cm 480w,https:\/\/a.allegroimg.com\/original\/11320c\/a091f5b34a2083164148e18c379b\/GRILL-NA-TROJNOGU-OGRODOWY-RUSZT-WISZACY-NIERDZEWNY-60CM-NAD-OGNISKO-Glebokosc-grilla-60-cm 600w,https:\/\/a.allegroimg.com\/original\/11320c\/a091f5b34a2083164148e18c379b\/GRILL-NA-TROJNOGU-OGRODOWY-RUSZT-WISZACY-NIERDZEWNY-60CM-NAD-OGNISKO-Glebokosc-grilla-60-cm 600w\" sizes=\"100vw\" width=\"600px\" alt=\"GRILL NA TR\u00d3JNOGU OGRODOWY RUSZT WISZ\u0104CY NIERDZEWNY 60CM NAD OGNISKO G\u0142\u0119boko\u015b\u0107 grilla 60 cm\" style=\"max-width: 100%; height: auto; display: block; margin: 0 auto;\"><\/div>\n<\/div>\n<\/div>\n<\/div>\n<\/div>\n<\/div>\n<div style=\"clear: both; display: block; margin: 10px 0;\">\n<div style=\"clear: both; display: block; margin: 10px 0;\">\n<div style=\"clear: both; display: block; margin: 10px 0;\">\n<div  style=\"max-width:707px;max-height:900px\">\n<div style=\"clear: both; display: block; margin: 10px 0;\">\n<div style=\"clear: both; width: 100%; display: block; margin: 20px 0; padding: 0; float: none; position: static; text-align: center;\"><img decoding=\"async\"  src=\"https:\/\/a.allegroimg.com\/original\/11106d\/ba6a0a8b4bf3b7773330889af62d\/GRILL-NA-TROJNOGU-OGRODOWY-RUSZT-WISZACY-NIERDZEWNY-60CM-NAD-OGNISKO-Producent-CookKing\" srcset=\"https:\/\/a.allegroimg.com\/original\/11106d\/ba6a0a8b4bf3b7773330889af62d\/GRILL-NA-TROJNOGU-OGRODOWY-RUSZT-WISZACY-NIERDZEWNY-60CM-NAD-OGNISKO-Producent-CookKing 282w,https:\/\/a.allegroimg.com\/original\/11106d\/ba6a0a8b4bf3b7773330889af62d\/GRILL-NA-TROJNOGU-OGRODOWY-RUSZT-WISZACY-NIERDZEWNY-60CM-NAD-OGNISKO-Producent-CookKing 565w,https:\/\/a.allegroimg.com\/original\/11106d\/ba6a0a8b4bf3b7773330889af62d\/GRILL-NA-TROJNOGU-OGRODOWY-RUSZT-WISZACY-NIERDZEWNY-60CM-NAD-OGNISKO-Producent-CookKing 707w,https:\/\/a.allegroimg.com\/original\/11106d\/ba6a0a8b4bf3b7773330889af62d\/GRILL-NA-TROJNOGU-OGRODOWY-RUSZT-WISZACY-NIERDZEWNY-60CM-NAD-OGNISKO-Producent-CookKing 707w\" sizes=\"100vw\" width=\"707px\" alt=\"GRILL NA TR\u00d3JNOGU OGRODOWY RUSZT WISZ\u0104CY NIERDZEWNY 60CM NAD OGNISKO Producent CookKing\" style=\"max-width: 100%; height: auto; display: block; margin: 0 auto;\"><\/div>\n<\/div>\n<\/div>\n<\/div>\n<\/div>\n<\/div>\n<\/div>\n<\/div>\n<\/div>\n<div style=\"clear: both; display: block; margin: 10px 0;\">\n","protected":false},"excerpt":{"rendered":"<p>GRILL OGRODOWY 60CM NIERDZEWNY NA TR\u00d3JNOGU 180CM<\/p>\n<p>MADE IN POLAND<\/p>\n<p>PRODUKT NAJWY\u017bSZEJ JAKO\u015aCI &#8211; WYPRODUKOWANY W POLSCE<\/p>\n<p>PRODUKT WYSOKIEJ JAKO\u015aCI &#8211;<\/p>\n<p>PRODUKCJA POLSKA<\/p>\n<p>Grill ogrodowy na tr\u00f3jnogu o wysoko\u015bci 180 cm jest idealnym rozwi\u0105zaniem do biesiadowania na \u015bwie\u017cym powietrzu wraz z rodzin\u0105 b\u0105d\u017a te\u017c grup\u0105 znajomych. Korzystaj\u0105c z tego grilla mo\u017cna jako \u017ar\u00f3d\u0142o ciep\u0142a wykorzysta\u0107 zar\u00f3wno zwyk\u0142e ognisko, jak i tradycyjny brykiet drzewny.<\/p>\n","protected":false},"featured_media":15208,"template":"","meta":{"_uag_custom_page_level_css":""},"product_brand":[819],"product_cat":[796,795,541],"product_tag":[],"class_list":{"0":"post-15207","1":"product","2":"type-product","3":"status-publish","4":"has-post-thumbnail","6":"product_brand-cookking","7":"product_cat-grille-weglowe","8":"product_cat-grillowanie","9":"product_cat-ogrod","11":"first","12":"instock","13":"sale","14":"shipping-taxable","15":"purchasable","16":"product-type-simple"},"uagb_featured_image_src":{"full":["https:\/\/ogrodowyswiat24.shop\/grill\/wp-content\/uploads\/2026\/03\/allegro-image-15207.jpg",654,900,false],"thumbnail":["https:\/\/ogrodowyswiat24.shop\/grill\/wp-content\/uploads\/2026\/03\/allegro-image-15207-150x150.jpg",150,150,true],"medium":["https:\/\/ogrodowyswiat24.shop\/grill\/wp-content\/uploads\/2026\/03\/allegro-image-15207-218x300.jpg",218,300,true],"medium_large":["https:\/\/ogrodowyswiat24.shop\/grill\/wp-content\/uploads\/2026\/03\/allegro-image-15207.jpg",654,900,false],"large":["https:\/\/ogrodowyswiat24.shop\/grill\/wp-content\/uploads\/2026\/03\/allegro-image-15207.jpg",654,900,false],"1536x1536":["https:\/\/ogrodowyswiat24.shop\/grill\/wp-content\/uploads\/2026\/03\/allegro-image-15207.jpg",654,900,false],"2048x2048":["https:\/\/ogrodowyswiat24.shop\/grill\/wp-content\/uploads\/2026\/03\/allegro-image-15207.jpg",654,900,false],"woocommerce_thumbnail":["https:\/\/ogrodowyswiat24.shop\/grill\/wp-content\/uploads\/2026\/03\/allegro-image-15207-300x300.jpg",300,300,true],"woocommerce_single":["https:\/\/ogrodowyswiat24.shop\/grill\/wp-content\/uploads\/2026\/03\/allegro-image-15207-600x826.jpg",600,826,true],"woocommerce_gallery_thumbnail":["https:\/\/ogrodowyswiat24.shop\/grill\/wp-content\/uploads\/2026\/03\/allegro-image-15207-100x100.jpg",100,100,true]},"uagb_author_info":{"display_name":"admin","author_link":"https:\/\/ogrodowyswiat24.shop\/grill\/author\/"},"uagb_comment_info":0,"uagb_excerpt":"GRILL OGRODOWY 60CM NIERDZEWNY NA TR\u00d3JNOGU 180CM MADE IN POLAND PRODUKT NAJWY\u017bSZEJ JAKO\u015aCI - WYPRODUKOWANY W POLSCE PRODUKT WYSOKIEJ JAKO\u015aCI - PRODUKCJA POLSKA Grill ogrodowy na tr\u00f3jnogu o wysoko\u015bci 180 cm jest idealnym rozwi\u0105zaniem do biesiadowania na \u015bwie\u017cym powietrzu wraz z rodzin\u0105 b\u0105d\u017a te\u017c grup\u0105 znajomych. Korzystaj\u0105c z tego grilla mo\u017cna jako \u017ar\u00f3d\u0142o ciep\u0142a wykorzysta\u0107&hellip;","_links":{"self":[{"href":"https:\/\/ogrodowyswiat24.shop\/grill\/wp-json\/wp\/v2\/product\/15207","targetHints":{"allow":["GET"]}}],"collection":[{"href":"https:\/\/ogrodowyswiat24.shop\/grill\/wp-json\/wp\/v2\/product"}],"about":[{"href":"https:\/\/ogrodowyswiat24.shop\/grill\/wp-json\/wp\/v2\/types\/product"}],"wp:featuredmedia":[{"embeddable":true,"href":"https:\/\/ogrodowyswiat24.shop\/grill\/wp-json\/wp\/v2\/media\/15208"}],"wp:attachment":[{"href":"https:\/\/ogrodowyswiat24.shop\/grill\/wp-json\/wp\/v2\/media?parent=15207"}],"wp:term":[{"taxonomy":"product_brand","embeddable":true,"href":"https:\/\/ogrodowyswiat24.shop\/grill\/wp-json\/wp\/v2\/product_brand?post=15207"},{"taxonomy":"product_cat","embeddable":true,"href":"https:\/\/ogrodowyswiat24.shop\/grill\/wp-json\/wp\/v2\/product_cat?post=15207"},{"taxonomy":"product_tag","embeddable":true,"href":"https:\/\/ogrodowyswiat24.shop\/grill\/wp-json\/wp\/v2\/product_tag?post=15207"}],"curies":[{"name":"wp","href":"https:\/\/api.w.org\/{rel}","templated":true}]}}