{"id":16226,"date":"2026-04-06T23:39:57","date_gmt":"2026-04-06T22:39:57","guid":{"rendered":"https:\/\/grillcentrum.shop\/gree\/produkt\/krzeslo-ogrodowe-kokon-fotel-z-poduszkami-wygodny-na-taras-balkon-do-domu\/"},"modified":"2026-04-11T02:22:40","modified_gmt":"2026-04-11T01:22:40","slug":"krzeslo-ogrodowe-kokon-fotel-z-poduszkami-wygodny-na-taras-balkon-do-domu","status":"publish","type":"product","link":"https:\/\/ogrodowecentrum.shop\/grill\/produkt\/krzeslo-ogrodowe-kokon-fotel-z-poduszkami-wygodny-na-taras-balkon-do-domu\/","title":{"rendered":"KRZES\u0141O OGRODOWE KOKON FOTEL Z PODUSZKAMI WYGODNY NA TARAS BALKON DO DOMU"},"content":{"rendered":"<div style=\"font-family: Arial, sans-serif; line-height: 1.6; color: #333; padding: 20px; clear: both; display: block; width: 100%; float: none; position: static; overflow: hidden;\">\n<div style=\"clear: both; display: block; margin: 10px 0;\">\n<div style=\"clear: both; display: block; margin: 10px 0;\">\n<div style=\"clear: both; display: block; margin: 10px 0;\">\n<h1>KRZES\u0141O OGRODOWE KOKON FOTEL Z PODUSZKAMI WYGODNY NA TARAS BALKON DO DOMU<\/h1>\n<\/div>\n<\/div>\n<\/div>\n<div style=\"clear: both; display: block; margin: 10px 0;\">\n<div style=\"clear: both; display: block; margin: 10px 0;\">\n<div style=\"clear: both; display: block; margin: 10px 0;\">\n<div  style=\"max-width:1200px;max-height:400px\">\n<div style=\"clear: both; display: block; margin: 10px 0;\">\n<div style=\"clear: both; width: 100%; display: block; margin: 20px 0; padding: 0; float: none; position: static; text-align: center;\"><img decoding=\"async\"  src=\"https:\/\/a.allegroimg.com\/original\/114384\/446821184f1495a39404cb096350\" srcset=\"https:\/\/a.allegroimg.com\/original\/114384\/446821184f1495a39404cb096350 360w,https:\/\/a.allegroimg.com\/original\/114384\/446821184f1495a39404cb096350 720w,https:\/\/a.allegroimg.com\/original\/114384\/446821184f1495a39404cb096350 1024w,https:\/\/a.allegroimg.com\/original\/114384\/446821184f1495a39404cb096350 1200w,https:\/\/a.allegroimg.com\/original\/114384\/446821184f1495a39404cb096350 1200w\" sizes=\"100vw\" width=\"1200px\" alt=\"\" style=\"max-width: 100%; height: auto; display: block; margin: 0 auto;\"><\/div>\n<\/div>\n<\/div>\n<\/div>\n<\/div>\n<\/div>\n<div style=\"clear: both; display: block; margin: 10px 0;\">\n<div style=\"clear: both; display: block; margin: 10px 0;\">\n<div style=\"clear: both; display: block; margin: 10px 0;\">\n<h2>\u27a1\ufe0f&nbsp;Stylowy fotel ogrodowy &#8211; ca\u0142oroczny mebel do ogrodu i domu<\/h2>\n<ul style=\"margin: 15px 0; padding-left: 20px; clear: both; display: block; width: 100%; float: none; position: static;\">\n<li style=\"margin: 5px 0; padding: 2px 0; clear: both; display: list-item; float: none; position: static;\"><b>Szerokie i g\u0142\u0119bokie siedzisko<\/b>&nbsp;gwarantuje najwy\u017csz\u0105 jako\u015b\u0107 wypoczynku<\/li>\n<li style=\"margin: 5px 0; padding: 2px 0; clear: both; display: list-item; float: none; position: static;\"><b>Stalowa rama <\/b>mebla jest solidna i zapobiega odkszta\u0142caniu si\u0119 kosza<\/li>\n<li style=\"margin: 5px 0; padding: 2px 0; clear: both; display: list-item; float: none; position: static;\"><b>Cztery stalowe n\u00f3\u017cki<\/b>&nbsp;zapewniaj\u0105 stabilno\u015b\u0107 ca\u0142ego fotela<\/li>\n<li style=\"margin: 5px 0; padding: 2px 0; clear: both; display: list-item; float: none; position: static;\"><b>Nogi imituj\u0105ce drewno w po\u0142\u0105czeniu z kolorystyk\u0105<\/b> tworz\u0105&nbsp;nowoczesny design<\/li>\n<li style=\"margin: 5px 0; padding: 2px 0; clear: both; display: list-item; float: none; position: static;\"><b>Fotel ogrodowy wyposa\u017cony jest w mi\u0119kkie i du\u017ce poduszki<\/b>, kt\u00f3re \u015bwietnie sprawdzaj\u0105 si\u0119 podczas relaksu<\/li>\n<li style=\"margin: 5px 0; padding: 2px 0; clear: both; display: list-item; float: none; position: static;\">Dzi\u0119ki zastosowanym materia\u0142om <b>utrzymanie fotela czysto\u015bci jest bezproblemowe<\/b><\/li>\n<li style=\"margin: 5px 0; padding: 2px 0; clear: both; display: list-item; float: none; position: static;\">Fotel sprawdzi si\u0119 doskonale jako <b>siedzisko do ogrodu, na taras i do domu<\/b><\/li>\n<\/ul>\n<\/div>\n<\/div>\n<\/div>\n<div style=\"clear: both; display: block; margin: 10px 0;\">\n<div style=\"clear: both; display: block; margin: 10px 0;\">\n<div style=\"clear: both; display: block; margin: 10px 0;\">\n<div  style=\"max-width:1500px;max-height:1500px\">\n<div style=\"clear: both; display: block; margin: 10px 0;\">\n<div style=\"clear: both; width: 100%; display: block; margin: 20px 0; padding: 0; float: none; position: static; text-align: center;\"><img decoding=\"async\"  src=\"https:\/\/a.allegroimg.com\/original\/1115bc\/9d6584bb43ce8dbb8b3f8500db17\" srcset=\"https:\/\/a.allegroimg.com\/original\/1115bc\/9d6584bb43ce8dbb8b3f8500db17 360w,https:\/\/a.allegroimg.com\/original\/1115bc\/9d6584bb43ce8dbb8b3f8500db17 720w,https:\/\/a.allegroimg.com\/original\/1115bc\/9d6584bb43ce8dbb8b3f8500db17 1024w,https:\/\/a.allegroimg.com\/original\/1115bc\/9d6584bb43ce8dbb8b3f8500db17 1440w,https:\/\/a.allegroimg.com\/original\/1115bc\/9d6584bb43ce8dbb8b3f8500db17 1500w\" sizes=\"(min-width: 1200px) 560px, (min-width: 992px) 50vw, 100vw\" width=\"1500px\" alt=\"\" style=\"max-width: 100%; height: auto; display: block; margin: 0 auto;\"><\/div>\n<\/div>\n<\/div>\n<\/div>\n<\/div>\n<div style=\"clear: both; display: block; margin: 10px 0;\">\n<div style=\"clear: both; display: block; margin: 10px 0;\">\n<h2>\u27a1\ufe0f&nbsp;Fotel ogrodowy z wygodnymi poduszkami<\/h2>\n<p style=\"margin: 15px 0; line-height: 1.8; clear: both; display: block; width: 100%; float: none; position: static;\">Du\u017cy fotel ogrodowy zaprojektowany zosta\u0142 w taki spos\u00f3b, aby zapewni\u0107 u\u017cytkownikowi komfort i wygod\u0119. <b>Kosz polirattanowy ze stalow\u0105 ram\u0105 jest solidny i nie odkszta\u0142ca si\u0119.<\/b>&nbsp;Na siedzisku znajduje si\u0119 obszerna, mi\u0119kka poduszka wykonana ze spun poliestru.<\/p>\n<p style=\"margin: 15px 0; line-height: 1.8; clear: both; display: block; width: 100%; float: none; position: static;\">Jest to przyjemny w dotyku materia\u0142, kt\u00f3ry <b>\u0142atwo utrzyma\u0107<\/b> <b>w czysto\u015bci.<\/b> Poszewki wyposa\u017cone w zamek b\u0142yskawiczny, mo\u017cna je wi\u0119c bez problemu <b>\u015bci\u0105gn\u0105\u0107<\/b> <b>z poduszek i wypra\u0107.<\/b> Stalowe n\u00f3\u017cki w kolorze imituj\u0105cym drewno utrzymuj\u0105 stabilnie ca\u0142y fotel na ka\u017cdym pod\u0142o\u017cu.<\/p>\n<\/div>\n<\/div>\n<\/div>\n<div style=\"clear: both; display: block; margin: 10px 0;\">\n<div style=\"clear: both; display: block; margin: 10px 0;\">\n<div style=\"clear: both; display: block; margin: 10px 0;\">\n<div  style=\"max-width:1500px;max-height:1500px\">\n<div style=\"clear: both; display: block; margin: 10px 0;\">\n<div style=\"clear: both; width: 100%; display: block; margin: 20px 0; padding: 0; float: none; position: static; text-align: center;\"><img decoding=\"async\"  src=\"https:\/\/a.allegroimg.com\/original\/11ad4f\/03868794499a9ffd989f56bed0b4\" srcset=\"https:\/\/a.allegroimg.com\/original\/11ad4f\/03868794499a9ffd989f56bed0b4 360w,https:\/\/a.allegroimg.com\/original\/11ad4f\/03868794499a9ffd989f56bed0b4 720w,https:\/\/a.allegroimg.com\/original\/11ad4f\/03868794499a9ffd989f56bed0b4 1024w,https:\/\/a.allegroimg.com\/original\/11ad4f\/03868794499a9ffd989f56bed0b4 1440w,https:\/\/a.allegroimg.com\/original\/11ad4f\/03868794499a9ffd989f56bed0b4 1500w\" sizes=\"(min-width: 1200px) 560px, (min-width: 992px) 50vw, 100vw\" width=\"1500px\" alt=\"\" style=\"max-width: 100%; height: auto; display: block; margin: 0 auto;\"><\/div>\n<\/div>\n<\/div>\n<\/div>\n<\/div>\n<div style=\"clear: both; display: block; margin: 10px 0;\">\n<div style=\"clear: both; display: block; margin: 10px 0;\">\n<h2>\u27a1\ufe0f&nbsp;Perfekcyjny design i komfort u\u017cytkowania &#8211; fotel ogrodowy kokon ca\u0142oroczny<\/h2>\n<p style=\"margin: 15px 0; line-height: 1.8; clear: both; display: block; width: 100%; float: none; position: static;\">To co w spos\u00f3b szczeg\u00f3lny wyr\u00f3\u017cnia fotel ogrodowy kokon, to elegancki i modny design, kt\u00f3ry doskonale sprawdzi si\u0119 w wielu aran\u017cacjach.&nbsp;Fotel ogrodowy ca\u0142oroczny b\u0119dzie idealny nie tylko do wypoczynku na zewn\u0105trz, ale te\u017c do aran\u017cacji wn\u0119trz w domu.&nbsp;<b>Optymalnie wyprofilowane siedzisko w po\u0142\u0105czeniu z mi\u0119kk\u0105 poduszk\u0105 umo\u017cliwiaj\u0105 wypoczynek w dowolnej pozycji.<\/b> Mebel \u0142atwo utrzyma\u0107 w czysto\u015bci, a dzi\u0119ki zastosowanym materia\u0142om sprawdzi si\u0119 w u\u017cytkowaniu przez wiele sezon\u00f3w.<\/p>\n<h2>\u27a1\ufe0f Nowoczesny styl i wygoda u\u017cytkowania &#8211; elegancki fotel z kolekcji Holand<\/h2>\n<p style=\"margin: 15px 0; line-height: 1.8; clear: both; display: block; width: 100%; float: none; position: static;\">Fotel ogrodowy z kolekcji Holand to po\u0142\u0105czenie nowoczesno\u015bci z praktycznymi rozwi\u0105zaniami. <b>Modny mebel ca\u0142oroczny sprawdzi si\u0119 w u\u017cytkowaniu niemal\u017ce wsz\u0119dzie &#8211; w ogrodzie, w domu i na tarasie.<\/b>&nbsp;To propozycja dla u\u017cytkownik\u00f3w, kt\u00f3rzy ceni\u0105 sobie stylistyk\u0119 mebli i ich funkcjonalno\u015b\u0107.&nbsp;Fotel b\u0119dzie doskonale pasowa\u0107 do innych mebli z kolekcji Holand.<\/p>\n<\/div>\n<\/div>\n<\/div>\n<div style=\"clear: both; display: block; margin: 10px 0;\">\n<div style=\"clear: both; display: block; margin: 10px 0;\">\n<div style=\"clear: both; display: block; margin: 10px 0;\">\n<div  style=\"max-width:1500px;max-height:1500px\">\n<div style=\"clear: both; display: block; margin: 10px 0;\">\n<div style=\"clear: both; width: 100%; display: block; margin: 20px 0; padding: 0; float: none; position: static; text-align: center;\"><img decoding=\"async\"  src=\"https:\/\/a.allegroimg.com\/original\/11abe3\/ab3ce51b47a09e88221d46eb9735\" srcset=\"https:\/\/a.allegroimg.com\/original\/11abe3\/ab3ce51b47a09e88221d46eb9735 360w,https:\/\/a.allegroimg.com\/original\/11abe3\/ab3ce51b47a09e88221d46eb9735 720w,https:\/\/a.allegroimg.com\/original\/11abe3\/ab3ce51b47a09e88221d46eb9735 1024w,https:\/\/a.allegroimg.com\/original\/11abe3\/ab3ce51b47a09e88221d46eb9735 1440w,https:\/\/a.allegroimg.com\/original\/11abe3\/ab3ce51b47a09e88221d46eb9735 1500w\" sizes=\"(min-width: 1200px) 560px, (min-width: 992px) 50vw, 100vw\" width=\"1500px\" alt=\"\" style=\"max-width: 100%; height: auto; display: block; margin: 0 auto;\"><\/div>\n<\/div>\n<\/div>\n<\/div>\n<\/div>\n<div style=\"clear: both; display: block; margin: 10px 0;\">\n<div style=\"clear: both; display: block; margin: 10px 0;\">\n<h2>\u27a1\ufe0f Specyfikacja produktu<\/h2>\n<ul style=\"margin: 15px 0; padding-left: 20px; clear: both; display: block; width: 100%; float: none; position: static;\">\n<li style=\"margin: 5px 0; padding: 2px 0; clear: both; display: list-item; float: none; position: static;\"><b>Szeroko\u015b\u0107:<\/b> 98 cm<\/li>\n<li style=\"margin: 5px 0; padding: 2px 0; clear: both; display: list-item; float: none; position: static;\"><b>Wysoko\u015b\u0107:<\/b> 142 cm<\/li>\n<li style=\"margin: 5px 0; padding: 2px 0; clear: both; display: list-item; float: none; position: static;\"><b>G\u0142\u0119boko\u015b\u0107:<\/b> 100 cm<\/li>\n<li style=\"margin: 5px 0; padding: 2px 0; clear: both; display: list-item; float: none; position: static;\"><b>Kolor:<\/b> Antracytowy<\/li>\n<li style=\"margin: 5px 0; padding: 2px 0; clear: both; display: list-item; float: none; position: static;\"><b>Materia\u0142:<\/b> Polirattan<\/li>\n<li style=\"margin: 5px 0; padding: 2px 0; clear: both; display: list-item; float: none; position: static;\"><b>Kolekcja:<\/b> Holand<\/li>\n<li style=\"margin: 5px 0; padding: 2px 0; clear: both; display: list-item; float: none; position: static;\"><b>Maksymalne obci\u0105\u017cenie:<\/b> 115 kg<\/li>\n<li style=\"margin: 5px 0; padding: 2px 0; clear: both; display: list-item; float: none; position: static;\"><b>Materia\u0142 poduszek:<\/b> Spun poliester<\/li>\n<li style=\"margin: 5px 0; padding: 2px 0; clear: both; display: list-item; float: none; position: static;\"><b>Materia\u0142 ramy:<\/b> Stal<\/li>\n<li style=\"margin: 5px 0; padding: 2px 0; clear: both; display: list-item; float: none; position: static;\"><b>Informacje dodatkowe: <\/b>Materia\u0142 poduszki jest odporny na kr\u00f3tki deszcz, ros\u0119 czy wylanie niewielkiej ilo\u015bci wody. Przy d\u0142u\u017cszej ekspozycji na wod\u0119 materia\u0142 przemoknie &#8211; nie jest on wodoszczelny<\/li>\n<\/ul>\n<\/div>\n<\/div>\n<\/div>\n<div style=\"clear: both; display: block; margin: 10px 0;\">\n<div style=\"clear: both; display: block; margin: 10px 0;\">\n<div style=\"clear: both; display: block; margin: 10px 0;\">\n<div  style=\"max-width:1000px;max-height:1000px\">\n<div style=\"clear: both; display: block; margin: 10px 0;\">\n<div style=\"clear: both; width: 100%; display: block; margin: 20px 0; padding: 0; float: none; position: static; text-align: center;\"><img decoding=\"async\"  src=\"https:\/\/a.allegroimg.com\/original\/114148\/1f1e24e44142afd753a4b894a2c9\/KRZESLO-OGRODOWE-KOKON-FOTEL-Z-PODUSZKAMI-WYGODNY-NA-TARAS-BALKON-DO-DOMU-Waga-produktu-z-opakowaniem-jednostkowym-20-kg\" srcset=\"https:\/\/a.allegroimg.com\/original\/114148\/1f1e24e44142afd753a4b894a2c9\/KRZESLO-OGRODOWE-KOKON-FOTEL-Z-PODUSZKAMI-WYGODNY-NA-TARAS-BALKON-DO-DOMU-Waga-produktu-z-opakowaniem-jednostkowym-20-kg 360w,https:\/\/a.allegroimg.com\/original\/114148\/1f1e24e44142afd753a4b894a2c9\/KRZESLO-OGRODOWE-KOKON-FOTEL-Z-PODUSZKAMI-WYGODNY-NA-TARAS-BALKON-DO-DOMU-Waga-produktu-z-opakowaniem-jednostkowym-20-kg 720w,https:\/\/a.allegroimg.com\/original\/114148\/1f1e24e44142afd753a4b894a2c9\/KRZESLO-OGRODOWE-KOKON-FOTEL-Z-PODUSZKAMI-WYGODNY-NA-TARAS-BALKON-DO-DOMU-Waga-produktu-z-opakowaniem-jednostkowym-20-kg 1000w,https:\/\/a.allegroimg.com\/original\/114148\/1f1e24e44142afd753a4b894a2c9\/KRZESLO-OGRODOWE-KOKON-FOTEL-Z-PODUSZKAMI-WYGODNY-NA-TARAS-BALKON-DO-DOMU-Waga-produktu-z-opakowaniem-jednostkowym-20-kg 1000w\" sizes=\"(min-width: 1200px) 560px, (min-width: 992px) 50vw, 100vw\" width=\"1000px\" alt=\"KRZES\u0141O OGRODOWE KOKON FOTEL Z PODUSZKAMI WYGODNY NA TARAS BALKON DO DOMU Waga produktu z opakowaniem jednostkowym 20 kg\" style=\"max-width: 100%; height: auto; display: block; margin: 0 auto;\"><\/div>\n<\/div>\n<\/div>\n<\/div>\n<\/div>\n<div style=\"clear: both; display: block; margin: 10px 0;\">\n<div style=\"clear: both; display: block; margin: 10px 0;\">\n<div  style=\"max-width:1000px;max-height:1000px\">\n<div style=\"clear: both; display: block; margin: 10px 0;\">\n<div style=\"clear: both; width: 100%; display: block; margin: 20px 0; padding: 0; float: none; position: static; text-align: center;\"><img decoding=\"async\"  src=\"https:\/\/a.allegroimg.com\/original\/11c960\/3ba7af4143799530dfedb11af38a\" srcset=\"https:\/\/a.allegroimg.com\/original\/11c960\/3ba7af4143799530dfedb11af38a 360w,https:\/\/a.allegroimg.com\/original\/11c960\/3ba7af4143799530dfedb11af38a 720w,https:\/\/a.allegroimg.com\/original\/11c960\/3ba7af4143799530dfedb11af38a 1000w,https:\/\/a.allegroimg.com\/original\/11c960\/3ba7af4143799530dfedb11af38a 1000w\" sizes=\"(min-width: 1200px) 560px, (min-width: 992px) 50vw, 100vw\" width=\"1000px\" alt=\"\" style=\"max-width: 100%; height: auto; display: block; margin: 0 auto;\"><\/div>\n<\/div>\n<\/div>\n<\/div>\n<\/div>\n<\/div>\n<div style=\"clear: both; display: block; margin: 10px 0;\">\n<div style=\"clear: both; display: block; margin: 10px 0;\">\n<div style=\"clear: both; display: block; margin: 10px 0;\">\n<div  style=\"max-width:1000px;max-height:750px\">\n<div style=\"clear: both; display: block; margin: 10px 0;\">\n<div style=\"clear: both; width: 100%; display: block; margin: 20px 0; padding: 0; float: none; position: static; text-align: center;\"><img decoding=\"async\"  src=\"https:\/\/a.allegroimg.com\/original\/113f00\/f326090b45fa8841d41d9e4c38bd\/KRZESLO-OGRODOWE-KOKON-FOTEL-Z-PODUSZKAMI-WYGODNY-NA-TARAS-BALKON-DO-DOMU-Liczba-sztuk-w-zestawie-1-szt\" srcset=\"https:\/\/a.allegroimg.com\/original\/113f00\/f326090b45fa8841d41d9e4c38bd\/KRZESLO-OGRODOWE-KOKON-FOTEL-Z-PODUSZKAMI-WYGODNY-NA-TARAS-BALKON-DO-DOMU-Liczba-sztuk-w-zestawie-1-szt 360w,https:\/\/a.allegroimg.com\/original\/113f00\/f326090b45fa8841d41d9e4c38bd\/KRZESLO-OGRODOWE-KOKON-FOTEL-Z-PODUSZKAMI-WYGODNY-NA-TARAS-BALKON-DO-DOMU-Liczba-sztuk-w-zestawie-1-szt 720w,https:\/\/a.allegroimg.com\/original\/113f00\/f326090b45fa8841d41d9e4c38bd\/KRZESLO-OGRODOWE-KOKON-FOTEL-Z-PODUSZKAMI-WYGODNY-NA-TARAS-BALKON-DO-DOMU-Liczba-sztuk-w-zestawie-1-szt 1000w,https:\/\/a.allegroimg.com\/original\/113f00\/f326090b45fa8841d41d9e4c38bd\/KRZESLO-OGRODOWE-KOKON-FOTEL-Z-PODUSZKAMI-WYGODNY-NA-TARAS-BALKON-DO-DOMU-Liczba-sztuk-w-zestawie-1-szt 1000w\" sizes=\"100vw\" width=\"1000px\" alt=\"KRZES\u0141O OGRODOWE KOKON FOTEL Z PODUSZKAMI WYGODNY NA TARAS BALKON DO DOMU Liczba sztuk w zestawie 1 szt.\" style=\"max-width: 100%; height: auto; display: block; margin: 0 auto;\"><\/div>\n<\/div>\n<\/div>\n<\/div>\n<\/div>\n<\/div>\n<\/div>\n<\/div>\n<\/div>\n<div style=\"clear: both; display: block; margin: 10px 0;\">\n","protected":false},"excerpt":{"rendered":"<p>KRZES\u0141O OGRODOWE KOKON FOTEL Z PODUSZKAMI WYGODNY NA TARAS BALKON DO DOMU<\/p>\n<p>\u27a1\ufe0f&nbsp;Stylowy fotel ogrodowy &#8211; ca\u0142oroczny mebel do ogrodu i domu<\/p>\n<p>Szerokie i g\u0142\u0119bokie siedzisko&nbsp;gwarantuje najwy\u017csz\u0105 jako\u015b\u0107 wypoczynku<\/p>\n<p>Stalowa rama mebla jest solidna i zapobiega odkszta\u0142caniu si\u0119 kosza<\/p>\n<p>Cztery stalowe n\u00f3\u017cki&nbsp;zapewniaj\u0105 stabilno\u015b\u0107 ca\u0142ego fotela<\/p>\n<p>Nogi imituj\u0105ce drewno w po\u0142\u0105czeniu z kolorystyk\u0105 tworz\u0105&nbsp;nowoczesny design<\/p>\n<p>Fotel ogrodowy wyposa\u017cony jest w mi\u0119kkie i du\u017ce poduszki, kt\u00f3re \u015bwietnie sprawdzaj\u0105 si\u0119 podczas relaksu<\/p>\n","protected":false},"featured_media":16227,"template":"","meta":{"_uag_custom_page_level_css":""},"product_brand":[807],"product_cat":[980,542,541],"product_tag":[],"class_list":{"0":"post-16226","1":"product","2":"type-product","3":"status-publish","4":"has-post-thumbnail","6":"product_brand-mirpol","7":"product_cat-krzesla","8":"product_cat-meble-ogrodowe","9":"product_cat-ogrod","10":"product_shipping_class-transport-na-paletach","12":"first","13":"instock","14":"sale","15":"shipping-taxable","16":"purchasable","17":"product-type-simple"},"uagb_featured_image_src":{"full":["https:\/\/ogrodowecentrum.shop\/grill\/wp-content\/uploads\/2026\/04\/allegro-image-16226.jpg",1300,1300,false],"thumbnail":["https:\/\/ogrodowecentrum.shop\/grill\/wp-content\/uploads\/2026\/04\/allegro-image-16226-150x150.jpg",150,150,true],"medium":["https:\/\/ogrodowecentrum.shop\/grill\/wp-content\/uploads\/2026\/04\/allegro-image-16226-300x300.jpg",300,300,true],"medium_large":["https:\/\/ogrodowecentrum.shop\/grill\/wp-content\/uploads\/2026\/04\/allegro-image-16226-768x768.jpg",768,768,true],"large":["https:\/\/ogrodowecentrum.shop\/grill\/wp-content\/uploads\/2026\/04\/allegro-image-16226-1024x1024.jpg",1024,1024,true],"1536x1536":["https:\/\/ogrodowecentrum.shop\/grill\/wp-content\/uploads\/2026\/04\/allegro-image-16226.jpg",1300,1300,false],"2048x2048":["https:\/\/ogrodowecentrum.shop\/grill\/wp-content\/uploads\/2026\/04\/allegro-image-16226.jpg",1300,1300,false],"woocommerce_thumbnail":["https:\/\/ogrodowecentrum.shop\/grill\/wp-content\/uploads\/2026\/04\/allegro-image-16226-300x300.jpg",300,300,true],"woocommerce_single":["https:\/\/ogrodowecentrum.shop\/grill\/wp-content\/uploads\/2026\/04\/allegro-image-16226-600x600.jpg",600,600,true],"woocommerce_gallery_thumbnail":["https:\/\/ogrodowecentrum.shop\/grill\/wp-content\/uploads\/2026\/04\/allegro-image-16226-100x100.jpg",100,100,true]},"uagb_author_info":{"display_name":"admin","author_link":"https:\/\/ogrodowecentrum.shop\/grill\/author\/"},"uagb_comment_info":0,"uagb_excerpt":"KRZES\u0141O OGRODOWE KOKON FOTEL Z PODUSZKAMI WYGODNY NA TARAS BALKON DO DOMU \u27a1\ufe0f&nbsp;Stylowy fotel ogrodowy - ca\u0142oroczny mebel do ogrodu i domu Szerokie i g\u0142\u0119bokie siedzisko&nbsp;gwarantuje najwy\u017csz\u0105 jako\u015b\u0107 wypoczynku Stalowa rama mebla jest solidna i zapobiega odkszta\u0142caniu si\u0119 kosza Cztery stalowe n\u00f3\u017cki&nbsp;zapewniaj\u0105 stabilno\u015b\u0107 ca\u0142ego fotela Nogi imituj\u0105ce drewno w po\u0142\u0105czeniu z kolorystyk\u0105 tworz\u0105&nbsp;nowoczesny design Fotel&hellip;","_links":{"self":[{"href":"https:\/\/ogrodowecentrum.shop\/grill\/wp-json\/wp\/v2\/product\/16226","targetHints":{"allow":["GET"]}}],"collection":[{"href":"https:\/\/ogrodowecentrum.shop\/grill\/wp-json\/wp\/v2\/product"}],"about":[{"href":"https:\/\/ogrodowecentrum.shop\/grill\/wp-json\/wp\/v2\/types\/product"}],"wp:featuredmedia":[{"embeddable":true,"href":"https:\/\/ogrodowecentrum.shop\/grill\/wp-json\/wp\/v2\/media\/16227"}],"wp:attachment":[{"href":"https:\/\/ogrodowecentrum.shop\/grill\/wp-json\/wp\/v2\/media?parent=16226"}],"wp:term":[{"taxonomy":"product_brand","embeddable":true,"href":"https:\/\/ogrodowecentrum.shop\/grill\/wp-json\/wp\/v2\/product_brand?post=16226"},{"taxonomy":"product_cat","embeddable":true,"href":"https:\/\/ogrodowecentrum.shop\/grill\/wp-json\/wp\/v2\/product_cat?post=16226"},{"taxonomy":"product_tag","embeddable":true,"href":"https:\/\/ogrodowecentrum.shop\/grill\/wp-json\/wp\/v2\/product_tag?post=16226"}],"curies":[{"name":"wp","href":"https:\/\/api.w.org\/{rel}","templated":true}]}}